 prime factors of t?
2, 7
Let s(n) = 2 - 32*n + 23*n + 13*n**2 + n**3 - 5*n**2. Suppose -u = -2*j - 5*u - 6, 2*j = 3*u - 13. What are the prime factors of s(j)?
2, 61
Suppose -225*l = -2958324 - 165576. What are the prime factors of l?
2, 3, 13, 89
Let q(p) = -2383*p - 101. Let o be q(-2). Suppose -36*r = -31*r - o. What are the prime factors of r?
3, 311
Let x be ((6240/56)/(-1))/((-4)/658). Suppose -x = -20*b - 4930. What are the prime factors of b?
2, 5, 67
Let n be ((-22)/77)/((-2)/70) - 5. Suppose n*f + i = 2773, 2761 = 5*f + 4*i - 7*i. List the prime factors of f.
2, 277
Suppose 0*r = -j - 6*r + 43296, 5*j - 216650 = 4*r. What are the prime factors of j?
2, 3, 29, 83
Suppose -34*a = -70025 - 1273927. What are the prime factors of a?
2, 3, 61
What are the prime factors of (2/3)/((-26)/(-699543))?
3, 1993
Suppose 0 = 2*o + 16*c - 13*c - 12305, 0 = 2*o + 4*c - 12306. List the prime factors of o.
6151
Suppose -4*r + 0*r + 140 = 0. Let k = r - -31. Suppose -s = 5*s - k. List the prime factors of s.
11
Suppose -3*b = 19*p - 18*p - 8, -b - 3*p + 8 = 0. Suppose x + 4*x - 490 = 0. Suppose 2*l = -b*a + x, -3*a - 2*a = -3*l + 163. What are the prime factors of l?
3, 17
Let n be (3/3)/(-3*(-2)/492). Suppose 3*g + 413 = -n. Let w = -117 - g. What are the prime factors of w?
2, 3
Suppose -4*z + 21 = 13*m - 12*m, 2*z + 4*m - 28 = 0. Suppose -68 = -z*c + 32. What are the prime factors of c?
5
Let m(d) be the second derivative of d**4/12 - d**3 - 9*d**2/2 - 4*d. Let a be m(-9). Suppose 9*h = 11*h - a. List the prime factors of h.
3, 7
Let d = 146 + -115. Suppose 10 = -0*y - 2*y - x, -4*x = 5*y + d. List the prime factors of (-445)/y - 2/(-42)*-7.
2, 37
Let m be (-73)/365 + 2212/10. Let i = m + 456. List the prime factors of i.
677
Let h(w) be the first derivative of w**4/12 - w**3/6 + 46*w**2 + 15*w - 6. Let d(q) be the first derivative of h(q). List the prime factors of d(0).
2, 23
Suppose -14*u - 20*u = -6630. Suppose 203*m = u*m + 3800. What are the prime factors of m?
5, 19
Let p(w) = 73*w**2 + 12*w - 27. Let d be p(13). Suppose d = 12*k + 3730. Suppose -4*f + k = -5*r, -3*f + 4*r = -4*f + 182. List the prime factors of f.
2, 7, 13
Suppose -828*w + 5*z + 57760 = -823*w, -w = 2*z - 11555. What are the prime factors of w?
3, 3851
Let b(c) = -8*c + 116. Let m be b(16). Let v be (1986/5)/((-1)/(-5)). List the prime factors of v/24 + (-1)/m*3.
83
Let o(n) be the second derivative of n**5/30 + n**4/8 - n**3/3 - 2*n**2 - 17*n. Let q(v) be the first derivative of o(v). What are the prime factors of q(1)?
3
Let l(v) = -7*v**3 + v**2 + 6. Let i be l(-2). Suppose 5*a - 274 - i = 0. List the prime factors of a.
2, 17
Suppose 3*p = 84 - 90. What are the prime factors of 5/p*10608/(-60)?
2, 13, 17
Let c(z) be the first derivative of 1/2*z**2 + 3*z + 26. List the prime factors of c(4).
7
Suppose 5*x + 40 = 5*r, 2*x = -r - 0*r - 7. Suppose r*k = k - 96. Let g = 37 - k. What are the prime factors of g?
5, 17
Let n(r) = 224*r + 17. Let z be n(2). Suppose b + 109 = z. What are the prime factors of b?
2, 89
Suppose 11*g - 13*g + 4*j + 7740 = 0, 5*j + 30 = 0. What are the prime factors of g?
2, 3, 643
Suppose 0 = 4*o + 2*u - 11954, 4*o - u - 11939 = 2*u. List the prime factors of o.
29, 103
Let a = 22 - 20. Suppose -97 = -3*k - s, 0 = -2*k + 4*s - a*s + 62. Suppose 166 = 3*n - k. What are the prime factors of n?
2, 3, 11
Suppose -419*q + 420*q = 5. Suppose -q*u + 5*a - 2*a + 3470 = 0, 694 = u - 4*a. What are the prime factors of u?
2, 347
Suppose 0 = 57*n + 119254 - 945168 - 221233. What are the prime factors of n?
18371
Let x(w) = -w**2 + 12*w - 33. Let d be x(7). Suppose d*o = v - 560, 2*v + v - 1680 = -o. List the prime factors of v.
2, 5, 7
Suppose 0*q + 72 = 4*q. Suppose 2*p + 16 - q = 0. Suppose 4*o - 205 = -2*m + p, 0 = -4*o + 4. What are the prime factors of m?
101
Let p(w) = -76*w - 35. Let b(k) = k**2 - 151*k - 71. Let q(s) = -2*b(s) + 5*p(s). What are the prime factors of q(-33)?
3, 11
Let m(c) = 434*c + 980. What are the prime factors of m(24)?
2, 7, 11, 37
Suppose -2*a + 0*a = -2*m - 8, 4*m = a - 16. Let q(z) = -4 + a - 7*z - 4 + 17. What are the prime factors of q(-5)?
2, 11
Suppose y + y + j - 106343 = 0, -53159 = -y + 2*j. What are the prime factors of y?
3, 37, 479
Let x = -508 - -546. Suppose 3*t - 67 = 20. Let b = x - t. List the prime factors of b.
3
Let z(a) = 2*a**3 - 3*a**2 + a + 3. Let p be z(-1). List the prime factors of p/(6/(-286)) - (22 + -19).
2, 5, 7
Let d be 2 + 0 + 2 + (-9)/9. Suppose s - 1185 = -7*n + 2*n, -d*s = 0. Suppose -4*g + 3*y + 316 = -0*g, -3*g = 3*y - n. What are the prime factors of g?
79
Let k be -65 + 0 + -22 + 22. Let r = 70 + k. Suppose -j = 3*h - 239, -r*h + 492 = 2*j - 6*h. What are the prime factors of j?
5, 7
Suppose 153726 + 956422 = 148*s. List the prime factors of s.
13, 577
Let w(t) = t**2 - 579 - 47*t - 2*t**2 + 678. List the prime factors of w(-37).
7, 67
What are the prime factors of 13255 + (-56)/(-168) + 0 + (-16)/3?
2, 5, 53
List the prime factors of (-14586)/132*9736/(-26).
2, 17, 1217
Suppose 33*f = 321 + 306. Suppose -f*d = -18*d - 881. List the prime factors of d.
881
Let j = -340 + 343. Suppose 2*l = j*d + 937 + 2832, 3*l - 5646 = 3*d. List the prime factors of l.
1877
Let l(n) = 4*n**3 - 17*n**2 - 13*n + 41. Let s(d) = d**3 + 1. Let z(p) = -l(p) + 3*s(p). What are the prime factors of z(10)?
2, 3, 11
Let w be (-1 - -6 - -1)/((-4)/(-94)). Suppose 3072 = -133*j + w*j. What are the prime factors of j?
2, 3
Suppose v = -39*f + 38*f + 3147, 5*v - 15731 = -3*f. What are the prime factors of v?
5, 17, 37
Let p = 62 + -60. Let o = -373 - -622. Suppose -4*n = p*r - 128, -4*r + n = 11 - o. List the prime factors of r.
2, 3, 5
Suppose -18*p + 16*p + 10 = 0, -a + 4*p + 9617 = 0. What are the prime factors of a?
23, 419
Suppose 5*t - 71 = 89. Let a(x) = -2 + 67*x + t*x + 0. List the prime factors of a(1).
97
Suppose 2*m = -2*t + 62, m - 74 = -m + 4*t. Let u be (2 + -1)/((-30)/(-4410)). Let q = u - m. List the prime factors of q.
2, 3, 19
Suppose y - 9816 = d - 174, -3*y + 5*d + 28914 = 0. What are the prime factors of y?
2, 3, 67
Let v be 141/18 + (0 - -1)/6. Suppose -23 - 9 = -v*q. Let p(c) = -c**3 + 8*c**2 + 7*c - 8. What are the prime factors of p(q)?
2, 3, 7
Let t(x) = 4*x**2 + 4*x - 16*x**3 + 2*x**2 - 1 + 17*x**3. Let r be t(-5). Suppose r*d - 4*j = -3*j + 123, -3*d + 81 = 3*j. What are the prime factors of d?
2, 3, 5
Suppose -2990 - 4750 = -29*y + 20*y. List the prime factors of y.
2, 5, 43
Let b be ((-26)/(-8))/(2/(-8)). Let n = b - -321. List the prime factors of n.
2, 7, 11
Suppose 3 + 6 = 3*f. Suppose f*u + 25 = -5. Let q(g) = g**2 - g + 8. List the prime factors of q(u).
2, 59
Suppose -19 = -k + 58. Let x = k + -46. Let c = x - -34. What are the prime factors of c?
5, 13
Let r(d) = 6*d**2 + 122*d - 1206. List the prime factors of r(-73).
2, 17, 643
Let a(z) = -z**3 + 12*z**2 + 16*z - 5. Let x be a(13). Suppose 85*v - x = 87*v. Let r = v - -68. List the prime factors of r.
3, 17
Suppose 10*y - 12 = 16*y. What are the prime factors of 561 + -6 - y/((-4)/6)?
2, 3, 23
Let u(n) = -3*n + 0*n**3 - n**2 - 28 - n**3 + 118. Suppose 0 = 4*k + 28, 2 = -5*t + 5*k + 37. List the prime factors of u(t).
2, 3, 5
Suppose 16*o = -7*o + 15893. Let y = o - 606. List the prime factors of y.
5, 17
Let k(p) = 5*p**3 + 136*p**2 + 27*p - 69. What are the prime factors of k(-24)?
3, 2833
Let c = 53 - 50. Suppose 2*x - 2*j = -x - 15, -c*j + 21 = -4*x. What are the prime factors of -22*(x - (-15)/(-6))?
11
What are the prime factors of 0 - (39955 + -7)/(-6)?
2, 3329
Suppose -13 = -5*d + 17. Suppose d*w + 447 = -207. Let y = w + 189. What are the prime factors of y?
2, 5
Suppose -128*o + 4*o = -1792152 - 179572. List the prime factors of o.
15901
Let f(s) = 5*s + 250. Let j be f(-30). What are the prime factors of (-222)/(-18)*(j - -11)?
37
Suppose 464 = 5*u - 596. Suppose -8*c - 164 = 964. Let o = u + c. List the prime factors of o.
71
Suppose 4*h = -7*h + 3*h. Suppose -z + 2*d + 85 = -h*d, 172 = 2*z - 3*d. Let o = z + -21. What are the prime factors of o?
2, 17
Let h(k) = 3*k**2 - 12*k + 15. Let n be h(-8). Suppose p = 2*p - n. What are the prime factors of p?
3, 101
Suppose -s - 256094 = -3*y - 84365, -5*s = 15. List the prime